{"id":118,"date":"2018-02-22T02:08:35","date_gmt":"2018-02-22T02:08:35","guid":{"rendered":"http:\/\/bessompierre.com\/peter\/?page_id=118"},"modified":"2024-01-21T17:11:00","modified_gmt":"2024-01-21T17:11:00","slug":"film","status":"publish","type":"page","link":"http:\/\/bessompierre.com\/peter\/?page_id=118","title":{"rendered":"FILMS"},"content":{"rendered":"\n<p>Document vid\u00e9o : visite guid\u00e9e au mas de Granier, nov 2023, r\u00e9al. J.M.P.<\/p>\n\n\n\n<figure class=\"wp-block-embed is-type-video is-provider-youtube wp-block-embed-youtube wp-embed-aspect-16-9 wp-has-aspect-ratio\"><div class=\"wp-block-embed__wrapper\">\n<iframe loading=\"lazy\" title=\"Bessompierre exposition peintures nov 2023\" width=\"750\" height=\"422\" src=\"https:\/\/www.youtube.com\/embed\/V36tjVRo3s8?start=192&#038;feature=oembed\" frameborder=\"0\" allow=\"accelerometer; autoplay; clipboard-write; encrypted-media; gyroscope; picture-in-picture; web-share\" allowfullscreen><\/iframe>\n<\/div><\/figure>\n\n\n\n<p><br><br><br>Document vid\u00e9o de Babette Galard<\/p>\n\n\n<div id=\"wpfp_95c708a1619c1f6b958adbf61be77049\" data-item=\"{&quot;sources&quot;:[{&quot;src&quot;:&quot;http:\\\/\\\/aaria-tv.com\\\/peter\\\/media\\\/flv\\\/bessompierre2.mp4&quot;,&quot;type&quot;:&quot;video\\\/mp4&quot;}]}\" class=\"flowplayer no-brand is-splash fvp-play-button\" style=\"max-width: 640px; max-height: 360px; background-image: url(http:\/\/bessompierre.com\/peter\/wp-content\/uploads\/2018\/02\/fond1ref.jpg);\" data-ratio=\"0.5625\">\n\t<div class=\"fp-ratio\" style=\"padding-top: 56.25%\"><\/div>\n<div class='fvp-share-bar'><ul class=\"fvp-sharing\">\n    <li><a class=\"sharing-facebook\" href=\"https:\/\/www.facebook.com\/sharer\/sharer.php?u=http%3A%2F%2Fbessompierre.com%2Fpeter%2F%3Fpage_id%3D118\" target=\"_blank\">Facebook<\/a><\/li>\n    <li><a class=\"sharing-twitter\" href=\"https:\/\/twitter.com\/home?status=Galerie+Bessompierre+http%3A%2F%2Fbessompierre.com%2Fpeter%2F%3Fpage_id%3D118\" target=\"_blank\">Twitter<\/a><\/li>\n    <li><a class=\"sharing-google\" href=\"https:\/\/plus.google.com\/share?url=http%3A%2F%2Fbessompierre.com%2Fpeter%2F%3Fpage_id%3D118\" target=\"_blank\">Google+<\/a><\/li>\n    <li><a class=\"sharing-email\" href=\"mailto:?body=Check%20out%20the%20amazing%20video%20here%3A%20http%3A%2F%2Fbessompierre.com%2Fpeter%2F%3Fpage_id%3D118\" target=\"_blank\">Email<\/a><\/li><\/ul><div><a class=\"sharing-link\" href=\"http:\/\/bessompierre.com\/peter\/?page_id=118\" target=\"_blank\">Link<\/a><\/div><div><label><a class=\"embed-code-toggle\" href=\"#\"><strong>Embed<\/strong><\/a><\/label><\/div><div class=\"embed-code\"><label>Copy and paste this HTML code into your webpage to embed.<\/label><textarea><\/textarea><\/div><\/div>\n<\/div>\n\n\n\n\n<p><a href=\"http:\/\/aaria-tv.com\/peter\/bessom6.html\">Exposition virtuelle au cloitre de St Trophime<\/a><br>  <br>  <\/p>\n","protected":false},"excerpt":{"rendered":"<p>Document vid\u00e9o : visite guid\u00e9e au mas de Granier, nov 2023, r\u00e9al. J.M.P. Document vid\u00e9o de Babette Galard Exposition virtuelle au cloitre de St Trophime<\/p>\n","protected":false},"author":1,"featured_media":0,"parent":0,"menu_order":0,"comment_status":"closed","ping_status":"closed","template":"","meta":{"footnotes":""},"_links":{"self":[{"href":"http:\/\/bessompierre.com\/peter\/index.php?rest_route=\/wp\/v2\/pages\/118"}],"collection":[{"href":"http:\/\/bessompierre.com\/peter\/index.php?rest_route=\/wp\/v2\/pages"}],"about":[{"href":"http:\/\/bessompierre.com\/peter\/index.php?rest_route=\/wp\/v2\/types\/page"}],"author":[{"embeddable":true,"href":"http:\/\/bessompierre.com\/peter\/index.php?rest_route=\/wp\/v2\/users\/1"}],"replies":[{"embeddable":true,"href":"http:\/\/bessompierre.com\/peter\/index.php?rest_route=%2Fwp%2Fv2%2Fcomments&post=118"}],"version-history":[{"count":13,"href":"http:\/\/bessompierre.com\/peter\/index.php?rest_route=\/wp\/v2\/pages\/118\/revisions"}],"predecessor-version":[{"id":499,"href":"http:\/\/bessompierre.com\/peter\/index.php?rest_route=\/wp\/v2\/pages\/118\/revisions\/499"}],"wp:attachment":[{"href":"http:\/\/bessompierre.com\/peter\/index.php?rest_route=%2Fwp%2Fv2%2Fmedia&parent=118"}],"curies":[{"name":"wp","href":"https:\/\/api.w.org\/{rel}","templated":true}]}}